((-832)/(-784) - 1). Calculate the greatest common divisor of a and 350.
14
Suppose -6*m = -4*m + 114. Let w = 9 - m. What is the highest common factor of 6 and w?
6
Let a = -8 + 8. Suppose a = 5*m + 10 - 40. Suppose n - m = 2. What is the highest common divisor of 88 and n?
8
Let b(d) = -d**3 - 7*d**2 - 8*d - 15. Let g be b(-4). Let o = -29 - g. Calculate the greatest common factor of 10 and o.
2
Let g be (-5)/((-30)/632) - (-12)/(-9). What is the greatest common divisor of 260 and g?
52
Suppose -3*c - 10 = -5*x, -c = 4*x + c - 8. Let u(p) = 7*p**2 - 2*p - 1. Let m be u(-1). What is the greatest common divisor of x and m?
2
Suppose -5*c + 0*c + 1800 = 0. What is the greatest common divisor of 216 and c?
72
Let m be -5 + (-1 - -3)*1. Let z = 13 + m. Suppose -4*y + 2 = -6. Calculate the greatest common factor of z and y.
2
Suppose 4*o + o - 10 = 0. Suppose o*l = l - 1. Let w be ((-1 - 2) + -2)*l. Calculate the highest common factor of w and 35.
5
Suppose -g + 2 + 2 = 0. Suppose -31 = -g*o + 289. Let y = -4458 + 4466. Calculate the greatest common divisor of o and y.
8
Suppose 3*i = -3*c + 48, 28*i - 23*i - c = 104. Calculate the highest common factor of i and 540.
20
Suppose 404 = 5*l - 111. Let c = -82 + l. What is the highest common divisor of 105 and c?
21
Suppose k = 2*z - 13, -2*z - 7 = -5*z - k. What is the highest common divisor of 54 and z?
2
Let k be 633/1 - (135/(-15) - -12). What is the greatest common divisor of 378 and k?
126
Suppose 5*p - 4*p + 7 = 3*s, 5*p - 10 = 0. Suppose -f - s*z = -150, -3*f = 2*f + z - 722. Calculate the highest common divisor of f and 16.
16
Suppose -2*z + 72 = -4*g, 31 = 3*z + 3*g - 95. Let y = -83 - -99. What is the greatest common divisor of z and y?
8
Suppose 39 = 19*u - 22*u. Let k = u - -67. Suppose -3*o + 1 = -17. Calculate the highest common factor of k and o.
6
Suppose 0 = 15*j - 63 - 222. Calculate the highest common factor of j and 152.
19
Suppose 40 = -8*f + 3*f. Let o(q) = q**3 + 11*q**2 + 7*q - 4. Let b be o(f). What is the greatest common factor of 33 and b?
33
Let n be 1*11 - (-6 + (-63)/(-7)). Calculate the highest common divisor of 16 and n.
8
Let y(t) = -2*t**3 - 8*t**2 - 2*t + 12. Let l be y(-5). Let j = 100 - l. Calculate the highest common divisor of 14 and j.
14
Suppose 5*i - 3*g = 15 + 68, -2*i + 29 = 3*g. Calculate the highest common divisor of 400 and i.
16
Let i(j) = 6*j - 158. Let m be i(39). Calculate the highest common divisor of 57 and m.
19
Let x = -30 + 46. Let n = 1966 - 1926. Calculate the highest common factor of n and x.
8
Let u = 32 - 30. Suppose 0 = -u*z - 4*h + 33 + 71, 3*h - 159 = -3*z. What is the greatest common factor of 6 and z?
6
Suppose -14*n + 11*n + 36 = 0. Calculate the highest common factor of 8 and n.
4
Let w = -14 - -16. Suppose -10 = -w*v - 2*n - 4, -v - 4*n = -12. Let u(r) = -r**2 + r + 1. Let m be u(v). Calculate the highest common divisor of m and 7.
1
Let p = 105 - 47. What is the highest common divisor of p and 29?
29
Let c be 3 - -26 - 1*5. Calculate the highest common divisor of 8 and c.
8
Suppose -48*l = -84*l + 360. What is the highest common factor of 16 and l?
2
Suppose 10 = -7*q + 9*q. Calculate the greatest common factor of q and 505.
5
Suppose 0 = 5*m - 58 + 248. Let g = m - -186. Let u = g + 6. What is the greatest common factor of 22 and u?
22
Let o(u) = -6*u**2 - 2*u + 5. Suppose 10 + 6 = -4*j. Let x be o(j). Let l be 5/20 + x/(-4). Calculate the highest common divisor of l and 168.
21
Let l(s) = -3*s - 11. Let g be l(-8). Let c = 1 + g. Let h = 36 + -15. Calculate the highest common factor of c and h.
7
Let p be 15 + (12/2)/2. Let v(d) = d**2 + 4*d - 6. Let z be v(-10). Calculate the greatest common factor of p and z.
18
Suppose -2*d + 30 = -5*d. Let m be d/(-15) - (-4)/3. Suppose -m*w + 5*i = 4*i - 18, -4*w - 4*i + 36 = 0. What is the highest common divisor of w and 27?
9
Suppose 3*l + c - 11 = 0, 4*c - 20 - 10 = -5*l. Let t = -187 + 203. What is the greatest common divisor of l and t?
2
Let i be (-118)/(-3) + (-4)/(-6). Let q be (-24)/39*133 - 2/13. Let b = -66 - q. Calculate the greatest common factor of i and b.
8
Let y be 384/7 - (-7)/49. Let o(k) = k**3 - 8*k**2 + 9*k - 9. Let d be -5 - -10 - (-3 + 1). Let l be o(d). Calculate the greatest common factor of l and y.
5
Let n be (2*-7)/((-34)/68). Calculate the greatest common divisor of n and 84.
28
Suppose 782*c - 778*c = 52. What is the greatest common factor of 793 and c?
13
Let d be -37 + 6 - (-3)/(-2 + 3). Let b = d + 29. Calculate the greatest common factor of b and 5.
1
Suppose -9*k + 150 = -4*k. Suppose 130 = 5*q + k. Let d(x) = -x**2 - 5*x + 1. Let w be d(-4). Calculate the highest common divisor of w and q.
5
Let i be 1/1 - (-12 - -7). Let y be ((-6)/5)/((-9)/135). What is the highest common factor of y and i?
6
Suppose 2 = 5*k - 3*k. Let c = 335 - 331. What is the greatest common divisor of k and c?
1
Let l be (2/3)/((-8)/(-24)). Suppose -l - 88 = -2*w. Calculate the greatest common factor of 18 and w.
9
Let k(b) = 12*b - 20. Let r = 83 - 80. Let u be k(r). What is the greatest common factor of u and 112?
16
Suppose -2*p = -8 + 30. Let v(b) = b**2 + 12*b + 10. Let u be v(p). Let w be (u/(-2))/(3/126). What is the greatest common factor of w and 168?
21
Let w be -9*((-17)/(-17) + 40/(-1)). Calculate the highest common factor of w and 13.
13
Let v(d) = d**3 + 22*d**2 - 4*d - 46. Let f be v(-22). Let x be (-24)/f - 50/(-14) - -34. Calculate the highest common divisor of x and 407.
37
Let w(z) be the second derivative of z**4/12 + 5*z**3/6 + 2*z**2 + 8*z. Let n be w(-6). Calculate the highest common divisor of n and 4.
2
Suppose -2*y + 5 - 265 = 0. Let c = y - -37. Let j = 151 + c. Calculate the greatest common factor of 145 and j.
29
Let q be -1*(-5955)/20 - 3/4. Calculate the greatest common factor of q and 22.
11
Suppose 14*x = 8*x + 330. Let h(b) = -b**3 + 9*b**2 - 6*b - 11. Let n be h(8). What is the highest common divisor of x and n?
5
Suppose -1001 = -28*t + 15*t. What is the highest common factor of 49 and t?
7
Let z = 945 + -135. Calculate the highest common divisor of z and 30.
30
Suppose -143 = -4*u - 43. Let m = 21 - -5. Suppose -400 = -28*n + m*n. Calculate the greatest common factor of n and u.
25
Let t be (-297)/(-12) - 3/(-12). Suppose l + 4*l = t. What is the greatest common factor of l and 20?
5
Let i = -531 - -719. Calculate the greatest common factor of 423 and i.
47
Let t be (-5)/(-2)*28/70. Calculate the greatest common divisor of 19 and t.
1
Suppose 10 = -3*b - 2*b. Let i(y) = -y**3 + 9*y**2 + 3*y - 11. Let a be i(9). Let l be (1 + -8)*a/b. What is the highest common divisor of l and 7?
7
Let p = -133 + 349. Suppose -2*d = 4*u - 3*u, 0 = -d - u. Suppose 147 = 5*s + 3*k, d = -4*k - k + 20. What is the highest common factor of p and s?
27
Let s(j) = -j + 135. Let k be s(0). Let x(n) = -7*n - 205. Let c be x(-37). Calculate the greatest common factor of k and c.
27
Let n(d) = -2*d**2. Let h be (-27)/33 - (-4)/(-22). Let y be n(h). Let x be 50/1 + 0/y. Calculate the highest common divisor of 10 and x.
10
Let x be (-30)/(-20)*(-182)/(-3). Let l(n) = -5*n - 7*n + n**2 + n + n + 2. Let d be l(11). Calculate the greatest common factor of x and d.
13
Suppose -6*m + 5*m = -2. Suppose -8 + 20 = -m*y. Let u be (-20)/8*(y - -2). Calculate the greatest common divisor of u and 50.
10
Let w = 19 - 17. Suppose -4*f - w*c - 37 = 7, f - 5*c = 0. Let p = 1 - f. What is the greatest common factor of 1 and p?
1
Let t be (594/(-6) - -8)*-1. What is the greatest common divisor of 7 and t?
7
Let o = -25 + 27. Let g be 10/o + 44 + -13. Calculate the greatest common divisor of 36 and g.
36
Let z be (-2)/(-7) - (-981)/21. Let d(q) = 18*q**2 - 7*q - 81. Let b be d(-4). What is the greatest common factor of b and z?
47
Let o(z) = -80*z + 705. Let j be o(-34). What is the highest common divisor of 137 and j?
137
Let d(q) = -49*q**3 + 4*q - q + 50*q**3 - 2*q + 40. Let n be d(0). Calculate the greatest common divisor of 60 and n.
20
Let g be (-8 - -9)*(2/8 - 918/(-72)). Suppose -h = 5*t - 4, -5*h - 2*t + 6 = -14. Suppose s = -h*s + 195. Calculate the highest common factor of g and s.
13
Let f be 30/4*1350/25. Calculate the highest common divisor of f and 5.
5
Suppose 11*t = -18*t 